{"id":937,"date":"2025-01-14T15:43:49","date_gmt":"2025-01-14T14:43:49","guid":{"rendered":"https:\/\/getraenke-rieden.de\/wp571\/?post_type=product&#038;p=937"},"modified":"2025-01-14T15:52:20","modified_gmt":"2025-01-14T14:52:20","slug":"bembel-with-care-pur-6x10-ltr-glasflaschen","status":"publish","type":"product","link":"https:\/\/getraenke-rieden.de\/wp571\/produkt\/bembel-with-care-pur-6x10-ltr-glasflaschen\/","title":{"rendered":"Bembel With Care Pur, 6&#215;1,0 ltr. Glasflaschen"},"content":{"rendered":"","protected":false},"excerpt":{"rendered":"<p>100% Apfel, herb und nat\u00fcrlich \u2013 In hochwertiger Mehrweg Design-Glasflasche.<\/p>\n<p>Apfelwein aus \u00c4pfeln Odenw\u00e4lder Streuobstwiesen. BEMBEL WITH CARE wird ohne Zus\u00e4tze hergestellt und mit Kohlens\u00e4ure angereichert. Mild, klar und s\u00e4uerlich-fruchtig mit hoher Rests\u00fc\u00dfe. Ein nat\u00fcrlicher Geschmack mit kr\u00e4ftig-fruchtiger Apfelnote.<\/p>\n<ul>\n<li><strong>Gebinde:<\/strong> 6 x 1,0L Mehrwegflaschen im Kasten<\/li>\n<li><strong>Alkoholgehalt:<\/strong>\u00a06,0 % vol<\/li>\n<li><strong>Brennwert*:<\/strong> 156kJ\/37,6kcal<\/li>\n<li><strong>Kohlenhydrate*:<\/strong> 0,8g<\/li>\n<li><strong>davon Zucker<\/strong> 0,8g<\/li>\n<li><strong>Enth\u00e4lt:<\/strong> Schwefeldioxid und Sulfite<\/li>\n<\/ul>\n<h6>*N\u00e4hrwertangaben pro 100ml<\/h6>\n","protected":false},"featured_media":0,"template":"","meta":[],"product_brand":[],"product_cat":[19,21],"product_tag":[40,42,45,41,43,39],"class_list":{"0":"post-937","1":"product","2":"type-product","3":"status-publish","5":"product_cat-alkoholische-getraenke","6":"product_cat-wein","7":"product_tag-apfelwein","8":"product_tag-beerfurther","9":"product_tag-bembel-with-care","10":"product_tag-kraemer","11":"product_tag-schoppen","12":"product_tag-wein","13":"product_deptype-2-4","15":"first","16":"instock","17":"taxable","18":"shipping-taxable","19":"purchasable","20":"product-type-simple"},"_links":{"self":[{"href":"https:\/\/getraenke-rieden.de\/wp571\/wp-json\/wp\/v2\/product\/937","targetHints":{"allow":["GET"]}}],"collection":[{"href":"https:\/\/getraenke-rieden.de\/wp571\/wp-json\/wp\/v2\/product"}],"about":[{"href":"https:\/\/getraenke-rieden.de\/wp571\/wp-json\/wp\/v2\/types\/product"}],"wp:attachment":[{"href":"https:\/\/getraenke-rieden.de\/wp571\/wp-json\/wp\/v2\/media?parent=937"}],"wp:term":[{"taxonomy":"product_brand","embeddable":true,"href":"https:\/\/getraenke-rieden.de\/wp571\/wp-json\/wp\/v2\/product_brand?post=937"},{"taxonomy":"product_cat","embeddable":true,"href":"https:\/\/getraenke-rieden.de\/wp571\/wp-json\/wp\/v2\/product_cat?post=937"},{"taxonomy":"product_tag","embeddable":true,"href":"https:\/\/getraenke-rieden.de\/wp571\/wp-json\/wp\/v2\/product_tag?post=937"}],"curies":[{"name":"wp","href":"https:\/\/api.w.org\/{rel}","templated":true}]}}