{"id":536,"date":"2022-03-18T07:48:25","date_gmt":"2022-03-18T06:48:25","guid":{"rendered":"https:\/\/getraenke-rieden.de\/wp571\/produkt\/odenwald-quelle-naturelle-gourmetflasche-24x025-ltr\/"},"modified":"2023-09-12T22:34:55","modified_gmt":"2023-09-12T20:34:55","slug":"odenwald-quelle-naturelle-gourmetflasche-24x025-ltr","status":"publish","type":"product","link":"https:\/\/getraenke-rieden.de\/wp571\/produkt\/odenwald-quelle-naturelle-gourmetflasche-24x025-ltr\/","title":{"rendered":"Odenwald Quelle Naturelle, Gourmetflasche 24&#215;0,25 ltr."},"content":{"rendered":"","protected":false},"excerpt":{"rendered":"<p>Die Odenwald Quelle ist ein nat\u00fcrliches Mineralwasser und damit durch und durch ein echtes quellfrisches Naturprodukt: es entspringt den unber\u00fchrten Tiefenquellen in Heppenheim an der Bergstra\u00dfe, am Rande der einzigartigen Naturlandschaft des Odenwalds und wird direkt am Quellort abgef\u00fcllt. Seine ausgewogene Mineralisierung und die kurzen Lieferwege zu den Verbrauchern in die Region machen es zu dem nachhaltigen, quellfrischen und wohlschmeckenden Durstl\u00f6scher.<\/p>\n<ul>\n<li><strong>Gebinde:<\/strong> 24 x 0,25l Mehrwegflaschen (Glas) im Kasten<\/li>\n<li><strong>Alkoholgehalt:<\/strong> <\/li>\n<li><strong>Stammw\u00fcrze:<\/strong> <\/li>\n<li><strong>Kcal:<\/strong> <\/li>\n<li><strong>Zutaten:<\/strong> <\/li>\n<\/ul>\n<h6><span style='color: #808080'>F\u00fcr die vorstehenden Angaben wird keine Haftung \u00fcbernommen. Bitte pr\u00fcfen Sie im Einzelfall die Angaben auf der jeweiligen Produktverpackung, nur diese sind verbindlich. Das Produktdesign kann von der Abbildung abweichen.<\/span><\/h6>\n","protected":false},"featured_media":367,"template":"","meta":[],"product_brand":[],"product_cat":[26,28,85],"product_tag":[],"class_list":{"0":"post-536","1":"product","2":"type-product","3":"status-publish","4":"has-post-thumbnail","6":"product_cat-alkoholfreie-getraenke","7":"product_cat-mineralwasser","8":"product_cat-still","9":"product_deptype-3-9","11":"first","12":"instock","13":"taxable","14":"shipping-taxable","15":"purchasable","16":"product-type-simple"},"_links":{"self":[{"href":"https:\/\/getraenke-rieden.de\/wp571\/wp-json\/wp\/v2\/product\/536","targetHints":{"allow":["GET"]}}],"collection":[{"href":"https:\/\/getraenke-rieden.de\/wp571\/wp-json\/wp\/v2\/product"}],"about":[{"href":"https:\/\/getraenke-rieden.de\/wp571\/wp-json\/wp\/v2\/types\/product"}],"wp:featuredmedia":[{"embeddable":true,"href":"https:\/\/getraenke-rieden.de\/wp571\/wp-json\/wp\/v2\/media\/367"}],"wp:attachment":[{"href":"https:\/\/getraenke-rieden.de\/wp571\/wp-json\/wp\/v2\/media?parent=536"}],"wp:term":[{"taxonomy":"product_brand","embeddable":true,"href":"https:\/\/getraenke-rieden.de\/wp571\/wp-json\/wp\/v2\/product_brand?post=536"},{"taxonomy":"product_cat","embeddable":true,"href":"https:\/\/getraenke-rieden.de\/wp571\/wp-json\/wp\/v2\/product_cat?post=536"},{"taxonomy":"product_tag","embeddable":true,"href":"https:\/\/getraenke-rieden.de\/wp571\/wp-json\/wp\/v2\/product_tag?post=536"}],"curies":[{"name":"wp","href":"https:\/\/api.w.org\/{rel}","templated":true}]}}