{"id":531,"date":"2022-03-18T07:48:25","date_gmt":"2022-03-18T06:48:25","guid":{"rendered":"https:\/\/getraenke-rieden.de\/wp571\/produkt\/mezzo-mix-24x02-ltr\/"},"modified":"2023-09-12T22:32:39","modified_gmt":"2023-09-12T20:32:39","slug":"mezzo-mix-24x02-ltr","status":"publish","type":"product","link":"https:\/\/getraenke-rieden.de\/wp571\/produkt\/mezzo-mix-24x02-ltr\/","title":{"rendered":"Mezzo Mix 24&#215;0,2 ltr."},"content":{"rendered":"","protected":false},"excerpt":{"rendered":"<p>Mezzo Mix, das koffeinhaltige Erfrischungsgetr\u00e4nk mit Orangengeschmack. Der perfekte Mix mit seinen ganz eigenen Geschmack durch die besondere Kombination aus Cola und Orange.<\/p>\n<ul>\n<li><strong>Gebinde:<\/strong> 24 x 0,2l Mehrwegflaschen (Glas) im Kasten<\/li>\n<li><strong>Alkoholgehalt:<\/strong> <\/li>\n<li><strong>Stammw\u00fcrze:<\/strong> <\/li>\n<li><strong>Kcal:<\/strong> 32 \/ 100 ml<\/li>\n<li><strong>Zutaten:<\/strong> Wasser, Zucker, Fruktose, Orangensaft aus Orangensaftkonzentrat (1,5%), Kohlens\u00e4ure, Farbstoff E 150d, S\u00e4uerungsmittel Citronens\u00e4ure, Apfels\u00e4ure; Aroma, Aroma Koffein, Stabilisator E 412.<\/li>\n<\/ul>\n<h6><span style='color: #808080'>F\u00fcr die vorstehenden Angaben wird keine Haftung \u00fcbernommen. Bitte pr\u00fcfen Sie im Einzelfall die Angaben auf der jeweiligen Produktverpackung, nur diese sind verbindlich. Das Produktdesign kann von der Abbildung abweichen.<\/span><\/h6>\n","protected":false},"featured_media":367,"template":"","meta":[],"product_brand":[],"product_cat":[26,29],"product_tag":[],"class_list":{"0":"post-531","1":"product","2":"type-product","3":"status-publish","4":"has-post-thumbnail","6":"product_cat-alkoholfreie-getraenke","7":"product_cat-cola-mixgetraenke","8":"product_deptype-5-1","10":"first","11":"instock","12":"taxable","13":"shipping-taxable","14":"purchasable","15":"product-type-simple"},"_links":{"self":[{"href":"https:\/\/getraenke-rieden.de\/wp571\/wp-json\/wp\/v2\/product\/531","targetHints":{"allow":["GET"]}}],"collection":[{"href":"https:\/\/getraenke-rieden.de\/wp571\/wp-json\/wp\/v2\/product"}],"about":[{"href":"https:\/\/getraenke-rieden.de\/wp571\/wp-json\/wp\/v2\/types\/product"}],"wp:featuredmedia":[{"embeddable":true,"href":"https:\/\/getraenke-rieden.de\/wp571\/wp-json\/wp\/v2\/media\/367"}],"wp:attachment":[{"href":"https:\/\/getraenke-rieden.de\/wp571\/wp-json\/wp\/v2\/media?parent=531"}],"wp:term":[{"taxonomy":"product_brand","embeddable":true,"href":"https:\/\/getraenke-rieden.de\/wp571\/wp-json\/wp\/v2\/product_brand?post=531"},{"taxonomy":"product_cat","embeddable":true,"href":"https:\/\/getraenke-rieden.de\/wp571\/wp-json\/wp\/v2\/product_cat?post=531"},{"taxonomy":"product_tag","embeddable":true,"href":"https:\/\/getraenke-rieden.de\/wp571\/wp-json\/wp\/v2\/product_tag?post=531"}],"curies":[{"name":"wp","href":"https:\/\/api.w.org\/{rel}","templated":true}]}}

<p>Mezzo Mix, das koffeinhaltige Erfrischungsgetränk mit Orangengeschmack. Der perfekte Mix mit seinen ganz eigenen Geschmack durch die besondere Kombination aus Cola und Orange.</p>
<ul>
<li><strong>Gebinde:</strong> 24 x 0,2l Mehrwegflaschen (Glas) im Kasten</li>
<li><strong>Alkoholgehalt:</strong> </li>
<li><strong>Stammwürze:</strong> </li>
<li><strong>Kcal:</strong> 32 / 100 ml</li>
<li><strong>Zutaten:</strong> Wasser, Zucker, Fruktose, Orangensaft aus Orangensaftkonzentrat (1,5%), Kohlensäure, Farbstoff E 150d, Säuerungsmittel Citronensäure, Apfelsäure; Aroma, Aroma Koffein, Stabilisator E 412.</li>
</ul>
<h6><span style='color: #808080'>Für die vorstehenden Angaben wird keine Haftung übernommen. Bitte prüfen Sie im Einzelfall die Angaben auf der jeweiligen Produktverpackung, nur diese sind verbindlich. Das Produktdesign kann von der Abbildung abweichen.</span></h6>
