{"id":432,"date":"2022-03-10T13:37:16","date_gmt":"2022-03-10T12:37:16","guid":{"rendered":"https:\/\/getraenke-rieden.de\/wp571\/produkt\/franziskaner-hefe-weissbier-naturtrueb-20x05-ltr\/"},"modified":"2023-09-12T22:52:51","modified_gmt":"2023-09-12T20:52:51","slug":"franziskaner-hefe-weissbier-naturtrueb-20x05-ltr","status":"publish","type":"product","link":"https:\/\/getraenke-rieden.de\/wp571\/produkt\/franziskaner-hefe-weissbier-naturtrueb-20x05-ltr\/","title":{"rendered":"Franziskaner Hefe-Weissbier, naturtr\u00fcb 20&#215;0,5 ltr."},"content":{"rendered":"","protected":false},"excerpt":{"rendered":"<p>Franziskaner Hefe-Weissbier Naturtr\u00fcb ist ein nat\u00fcrlicher und eleganter Weissbierprotagonist aus Bayern mit einem \u00fcppig wei\u00dfen Schaum. Das kupfergoldene Weizenbier mit hefetr\u00fcber Opaleszenz entfaltet einen aromatischen Duft mit harmonischer Frucht in dem Bananen und Zitrusfr\u00fcchte gr\u00fc\u00dfen lassen.<\/p>\n<ul>\n<li><strong>Gebinde:<\/strong> 20 x 0,5l Mehrwegflaschen im Kasten<\/li>\n<li><strong>Alkoholgehalt:<\/strong> 5,0%<\/li>\n<li><strong>Stammw\u00fcrze:<\/strong> k.a.<\/li>\n<li><strong>Kcal:<\/strong> 43 \/ 100 ml<\/li>\n<li><strong>Zutaten:<\/strong> Wasser, WEIZENMALZ, GERSTENMALZ, Hefe, Hopfenextrakt<\/li>\n<\/ul>\n<h6><span style='color: #808080'>F\u00fcr die vorstehenden Angaben wird keine Haftung \u00fcbernommen. Bitte pr\u00fcfen Sie im Einzelfall die Angaben auf der jeweiligen Produktverpackung, nur diese sind verbindlich. Das Produktdesign kann von der Abbildung abweichen.<\/span><\/h6>\n","protected":false},"featured_media":367,"template":"","meta":[],"product_brand":[],"product_cat":[19,20,62],"product_tag":[],"class_list":{"0":"post-432","1":"product","2":"type-product","3":"status-publish","4":"has-post-thumbnail","6":"product_cat-alkoholische-getraenke","7":"product_cat-bier","8":"product_cat-weizen","9":"product_deptype-3-10","11":"first","12":"instock","13":"taxable","14":"shipping-taxable","15":"purchasable","16":"product-type-simple"},"_links":{"self":[{"href":"https:\/\/getraenke-rieden.de\/wp571\/wp-json\/wp\/v2\/product\/432","targetHints":{"allow":["GET"]}}],"collection":[{"href":"https:\/\/getraenke-rieden.de\/wp571\/wp-json\/wp\/v2\/product"}],"about":[{"href":"https:\/\/getraenke-rieden.de\/wp571\/wp-json\/wp\/v2\/types\/product"}],"wp:featuredmedia":[{"embeddable":true,"href":"https:\/\/getraenke-rieden.de\/wp571\/wp-json\/wp\/v2\/media\/367"}],"wp:attachment":[{"href":"https:\/\/getraenke-rieden.de\/wp571\/wp-json\/wp\/v2\/media?parent=432"}],"wp:term":[{"taxonomy":"product_brand","embeddable":true,"href":"https:\/\/getraenke-rieden.de\/wp571\/wp-json\/wp\/v2\/product_brand?post=432"},{"taxonomy":"product_cat","embeddable":true,"href":"https:\/\/getraenke-rieden.de\/wp571\/wp-json\/wp\/v2\/product_cat?post=432"},{"taxonomy":"product_tag","embeddable":true,"href":"https:\/\/getraenke-rieden.de\/wp571\/wp-json\/wp\/v2\/product_tag?post=432"}],"curies":[{"name":"wp","href":"https:\/\/api.w.org\/{rel}","templated":true}]}}

Franziskaner Hefe-Weissbier, naturtrüb 20&#215;0,5 ltr.

<p>Franziskaner Hefe-Weissbier Naturtrüb ist ein natürlicher und eleganter Weissbierprotagonist aus Bayern mit einem üppig weißen Schaum. Das kupfergoldene Weizenbier mit hefetrüber Opaleszenz entfaltet einen aromatischen Duft mit harmonischer Frucht in dem Bananen und Zitrusfrüchte grüßen lassen.</p>
<ul>
<li><strong>Gebinde:</strong> 20 x 0,5l Mehrwegflaschen im Kasten</li>
<li><strong>Alkoholgehalt:</strong> 5,0%</li>
<li><strong>Stammwürze:</strong> k.a.</li>
<li><strong>Kcal:</strong> 43 / 100 ml</li>
<li><strong>Zutaten:</strong> Wasser, WEIZENMALZ, GERSTENMALZ, Hefe, Hopfenextrakt</li>
</ul>
<h6><span style='color: #808080'>Für die vorstehenden Angaben wird keine Haftung übernommen. Bitte prüfen Sie im Einzelfall die Angaben auf der jeweiligen Produktverpackung, nur diese sind verbindlich. Das Produktdesign kann von der Abbildung abweichen.</span></h6>
