{"id":350,"date":"2022-02-16T15:55:28","date_gmt":"2022-02-16T14:55:28","guid":{"rendered":"https:\/\/getraenke-rieden.de\/wp571\/produkt\/darmstaedter-pilsener-20x05-ltr\/"},"modified":"2023-09-12T23:05:52","modified_gmt":"2023-09-12T21:05:52","slug":"darmstaedter-pilsener-20x05-ltr","status":"publish","type":"product","link":"https:\/\/getraenke-rieden.de\/wp571\/produkt\/darmstaedter-pilsener-20x05-ltr\/","title":{"rendered":"Darmst\u00e4dter Pilsener 20&#215;0,5 ltr."},"content":{"rendered":"","protected":false},"excerpt":{"rendered":"<p>Ausgereift und frisch, feinherb im Geschmack mit leichter, eleganter heller Farbe. Hoher Anteil von besonderem Aromahopfen bei der Hopfengabe. Brauwasser aus den Tiefenstr\u00f6men des Odenwaldes.<\/p>\n<ul>\n<li><strong>Gebinde:<\/strong> 20 x 0,5L Mehrwegflaschen im Kasten<\/li>\n<li><strong>Alkoholgehalt:<\/strong>\u00a04,8 % vol<\/li>\n<li><strong>Stammw\u00fcrze:<\/strong>\u00a011,5 % gew<\/li>\n<li><strong>Bittereinheiten:<\/strong>\u00a036 BE<\/li>\n<li><strong>Farbe:<\/strong>\u00a07 hell-goldfarben<\/li>\n<li><strong>Kcal:<\/strong>\u00a047 \/ 100 ml<\/li>\n<li><strong>Zutaten:<\/strong>\u00a0Brauwasser, GERSTENMALZ, Hopfen<\/li>\n<\/ul>\n<h6><span style=\"color: #808080\">F\u00fcr die vorstehenden Angaben wird keine Haftung \u00fcbernommen. Bitte pr\u00fcfen Sie im Einzelfall die Angaben auf der jeweiligen Produktverpackung, nur diese sind verbindlich. Das Produktdesign kann von der Abbildung abweichen.<\/span><\/h6>\n","protected":false},"featured_media":348,"template":"","meta":[],"product_brand":[],"product_cat":[19,20,61],"product_tag":[22,38,56,23,57],"class_list":{"0":"post-350","1":"product","2":"type-product","3":"status-publish","4":"has-post-thumbnail","6":"product_cat-alkoholische-getraenke","7":"product_cat-bier","8":"product_cat-pils","9":"product_tag-bier","10":"product_tag-biere","11":"product_tag-darmstaedter","12":"product_tag-pils","13":"product_tag-regional","14":"product_deptype-3-1","16":"first","17":"instock","18":"taxable","19":"shipping-taxable","20":"purchasable","21":"product-type-simple"},"_links":{"self":[{"href":"https:\/\/getraenke-rieden.de\/wp571\/wp-json\/wp\/v2\/product\/350","targetHints":{"allow":["GET"]}}],"collection":[{"href":"https:\/\/getraenke-rieden.de\/wp571\/wp-json\/wp\/v2\/product"}],"about":[{"href":"https:\/\/getraenke-rieden.de\/wp571\/wp-json\/wp\/v2\/types\/product"}],"wp:featuredmedia":[{"embeddable":true,"href":"https:\/\/getraenke-rieden.de\/wp571\/wp-json\/wp\/v2\/media\/348"}],"wp:attachment":[{"href":"https:\/\/getraenke-rieden.de\/wp571\/wp-json\/wp\/v2\/media?parent=350"}],"wp:term":[{"taxonomy":"product_brand","embeddable":true,"href":"https:\/\/getraenke-rieden.de\/wp571\/wp-json\/wp\/v2\/product_brand?post=350"},{"taxonomy":"product_cat","embeddable":true,"href":"https:\/\/getraenke-rieden.de\/wp571\/wp-json\/wp\/v2\/product_cat?post=350"},{"taxonomy":"product_tag","embeddable":true,"href":"https:\/\/getraenke-rieden.de\/wp571\/wp-json\/wp\/v2\/product_tag?post=350"}],"curies":[{"name":"wp","href":"https:\/\/api.w.org\/{rel}","templated":true}]}}