{"id":324,"date":"2021-10-01T10:27:06","date_gmt":"2021-10-01T08:27:06","guid":{"rendered":"https:\/\/getraenke-rieden.de\/wp571\/?post_type=product&#038;p=324"},"modified":"2025-11-27T14:50:23","modified_gmt":"2025-11-27T13:50:23","slug":"braustuebl-radler-alkoholfrei-24x033-ltr","status":"publish","type":"product","link":"https:\/\/getraenke-rieden.de\/wp571\/produkt\/braustuebl-radler-alkoholfrei-24x033-ltr\/","title":{"rendered":"Braust\u00fcb\u2019l Radler alkoholfrei 20&#215;0,33 ltr."},"content":{"rendered":"","protected":false},"excerpt":{"rendered":"<p>Das Braust\u00fcb\u2019l Naturradler mit 0,0% Alkohol \u2013 die \u00fcberraschende Spezialit\u00e4t der Sommersaison, von der Darmst\u00e4dter Privatbrauerei. Das erfrischende Geschmackserlebnis aus 55% alkoholfreiem Bier und 45% Zitronenlimonade.<\/p>\n<ul>\n<li><strong>Gebinde<\/strong>: 24 x 0,33l Mehrwegflaschen im Kasten<\/li>\n<li><strong>Alkoholgehalt<\/strong>: 0,0 % vol<\/li>\n<li><strong>Stammw\u00fcrze<\/strong>: 6,0 % gew<\/li>\n<li><strong>Bittereinheiten<\/strong>: 10 BE<\/li>\n<li><strong>Farbe<\/strong>: 5-6 hell-goldfarben<\/li>\n<li><strong>Kcal<\/strong>: 22 \/ 100 ml<\/li>\n<li><strong>Zutaten<\/strong>: Alkoholfreies Bier (Wasser, GERSTENMALZ, Hopfen), Wasser, Zucker, Kohlens\u00e4ure, Zitronensaftkonzentrat, Orangensaftkonzentrat, nat\u00fcrliches Citrusaroma, Stabilisator Johannisbrotkernmehl<\/li>\n<\/ul>\n","protected":false},"featured_media":325,"template":"","meta":[],"product_brand":[],"product_cat":[52,26],"product_tag":[54,24,53],"class_list":{"0":"post-324","1":"product","2":"type-product","3":"status-publish","4":"has-post-thumbnail","6":"product_cat-alkoholfreie-biere","7":"product_cat-alkoholfreie-getraenke","8":"product_tag-alkoholfrei","9":"product_tag-braustuebl","10":"product_tag-radler","11":"product_deptype-4-5","13":"first","14":"instock","15":"taxable","16":"shipping-taxable","17":"purchasable","18":"product-type-simple"},"_links":{"self":[{"href":"https:\/\/getraenke-rieden.de\/wp571\/wp-json\/wp\/v2\/product\/324","targetHints":{"allow":["GET"]}}],"collection":[{"href":"https:\/\/getraenke-rieden.de\/wp571\/wp-json\/wp\/v2\/product"}],"about":[{"href":"https:\/\/getraenke-rieden.de\/wp571\/wp-json\/wp\/v2\/types\/product"}],"wp:featuredmedia":[{"embeddable":true,"href":"https:\/\/getraenke-rieden.de\/wp571\/wp-json\/wp\/v2\/media\/325"}],"wp:attachment":[{"href":"https:\/\/getraenke-rieden.de\/wp571\/wp-json\/wp\/v2\/media?parent=324"}],"wp:term":[{"taxonomy":"product_brand","embeddable":true,"href":"https:\/\/getraenke-rieden.de\/wp571\/wp-json\/wp\/v2\/product_brand?post=324"},{"taxonomy":"product_cat","embeddable":true,"href":"https:\/\/getraenke-rieden.de\/wp571\/wp-json\/wp\/v2\/product_cat?post=324"},{"taxonomy":"product_tag","embeddable":true,"href":"https:\/\/getraenke-rieden.de\/wp571\/wp-json\/wp\/v2\/product_tag?post=324"}],"curies":[{"name":"wp","href":"https:\/\/api.w.org\/{rel}","templated":true}]}}